e 16, what is 9888 + 9?
9891
In base 14, what is a8 + 3c7?
491
In base 4, what is -31120331 - 10?
-31121001
In base 6, what is -11533330 - 1?
-11533331
In base 4, what is 33220020 - 1?
33220013
In base 15, what is 9 - -ba0?
ba9
In base 4, what is 301011233 - 11?
301011222
In base 2, what is -10000 + 1101100010000?
1101100000000
In base 2, what is -11011 - 1010001100100?
-1010001111111
In base 6, what is 12200110 - 2?
12200104
In base 2, what is -1111110111100110 - -101?
-1111110111100001
In base 9, what is -40 + -6168?
-6218
In base 6, what is 114 + -411235?
-411121
In base 9, what is 368 - -216?
585
In base 15, what is cec + -16?
cd6
In base 3, what is -1 - 21022221?
-21022222
In base 11, what is -5704 - -8?
-56a7
In base 3, what is 22200 + -212200?
-120000
In base 11, what is 2667 - -6?
2672
In base 14, what is b09 + -352?
797
In base 11, what is 1 + -1a1531?
-1a1530
In base 15, what is b679 - -1d?
b697
In base 16, what is f - -3873?
3882
In base 14, what is 7 - 10c54?
-10c4b
In base 11, what is -1a036 + -1?
-1a037
In base 5, what is -2122 - -403?
-1214
In base 8, what is -1025 + 1523?
476
In base 3, what is 1200002100 + -12?
1200002011
In base 11, what is -4 - 330a?
-3313
In base 13, what is -1a7 - -14a?
-5a
In base 7, what is 10360 - 3333?
4024
In base 2, what is 1111010011011101 + 100?
1111010011100001
In base 15, what is 6b836 + d?
6b844
In base 15, what is aed - 26?
ac7
In base 9, what is 17 - -30030?
30047
In base 14, what is 9158 - 2?
9156
In base 7, what is 10136 - -44?
10213
In base 14, what is -15 - -659?
644
In base 6, what is 33233 + 10?
33243
In base 12, what is -2 + -50b6?
-50b8
In base 2, what is 10000101011100 + 10000000?
10000111011100
In base 3, what is -1121 + -122110?
-201001
In base 4, what is -10032101 + -1?
-10032102
In base 12, what is 13 + a8b5?
a908
In base 9, what is -3005 + 572?
-2323
In base 7, what is 3 - -4036123?
4036126
In base 9, what is 0 + 17150?
17150
In base 13, what is ab6 + 116?
bcc
In base 10, what is -21851 - -8?
-21843
In base 11, what is -a419 - 45?
-a463
In base 16, what is e1 - 8ab?
-7ca
In base 16, what is 98 - -3245?
32dd
In base 2, what is 10111001011111 + -1111?
10111001010000
In base 2, what is 10000011101011000010 - 11?
10000011101010111111
In base 2, what is 1100 - 1010101001001?
-1010100111101
In base 7, what is -65 + -6106?
-6204
In base 4, what is -1302 + 11123?
3221
In base 3, what is -2021 + 10102010?
10022212
In base 2, what is 1100111 + -101011010?
-11110011
In base 12, what is 349 - -104?
451
In base 9, what is -48 - -44241?
44182
In base 7, what is 53 - -21233?
21316
In base 2, what is -1111 + -101011010?
-101101001
In base 7, what is -16331511 - -3?
-16331505
In base 12, what is -51a956 + 5?
-51a951
In base 9, what is -22843 - 18?
-22862
In base 5, what is 31103033 - 3?
31103030
In base 8, what is -714 + -516?
-1432
In base 11, what is 1 + 135388?
135389
In base 8, what is 1 + 173337?
173340
In base 6, what is -2 - 51510?
-51512
In base 12, what is 4 - -8bb4?
8bb8
In base 3, what is 210021100 - 2?
210021021
In base 14, what is 1241 - -4?
1245
In base 5, what is 131312202 - -10?
131312212
In base 2, what is -100011010101011 + -11000?
-100011011000011
In base 11, what is -702 + -5a?
-761
In base 3, what is -12 + -1200100220?
-1200101002
In base 10, what is 32 - 410?
-378
In base 5, what is 41344 - 211?
41133
In base 7, what is -1033 - 50?
-1113
In base 12, what is 3b7a - -3b6?
4374
In base 3, what is -10200 + -211202?
-222102
In base 5, what is -32433 + -2201?
-40134
In base 14, what is -437 + 156?
-2c1
In base 7, what is 2 + -231543?
-231541
In base 6, what is 210 + -20122?
-15512
In base 4, what is 2301202 - -130?
2301332
In base 7, what is -144 - 3365?
-3542
In base 7, what is 330 - -231?
561
In base 14, what is 22 - 2c0?
-29c
In base 5, what is 23 - -234332?
234410
In base 11, what is -a - -703?
6a4
In base 5, what is -101 + 22123?
22022
In base 13, what is -12 - -15c3?
15b1
In base 16, what is -1e28fd - -5?
-1e28f8
In base 2, what is -11101 + 101000001011000?
101000000111011
In base 16, what is -4 - 1c9?
-1cd
In base 2, what is -10 + -101101011100111011010?
-101101011100111011100
In base 7, what is -435 + 425?
-10
In base 8, what is -5 + 277440?
277433
In base 3, what is -122 + -111211?
-112110
In base 8, what is -22 + 7747?
7725
In base 7, what is -11056 - -24?
-11032
In base 16, what is 127fa - -6?
12800
In base 2, what is -10011110010110001 + -110?
-10011110010110111
In base 5, what is 0 - -11113014?
11113014
In base 2, what is -101 - -1100111110?
1100111001
In base 13, what is 16 + 75a?
773
In base 6, what is -255025 - 13?
-255042
In base 14, what is -8 - 110cc?
-110d6
In base 3, what is 100122121 - -212?
100200110
In base 13, what is -13b + -2c?
-16a
In base 10, what is 33 - 1182?
-1149
In base 16, what is -60 - -493?
433
In base 9, what is 37328 + -3?
37325
In base 16, what is 1 - -716bc?
716bd
In base 5, what is 124320 + 20?
124340
In base 15, what is -91da4 - -8?
-91d9b
In base 3, what is 10 + -111001211010?
-111001211000
In base 2, what is 101 - 1010110001110001?
-1010110001101100
In base 8, what is 176 + -2570?
-2372
In base 6, what is -2 - 30111?
-30113
In base 11, what is -9 - a427?
-a435
In base 3, what is 20012210222 - 1?
20012210221
In base 15, what is -4 + 29c?
298
In base 4, what is -11323 + -110310?
-122233
In base 4, what is -1013233233 + 30?
-1013233203
In base 2, what is -1010011011000 + 10101?
-1010011000011
In base 3, what is 10 + 2221021001?
2221021011
In base 15, what is -214e + 3a3?
-1c9b
In base 15, what is 77 - bd?
-46
In base 3, what is -10 - 11102100111?
-11102100121
In base 8, what is 413656 - 1?
413655
In base 11, what is -5905 - 40?
-5945
In base 11, what is 71364 + -1?
71363
In base 2, what is 111101000011001111 - 100?
111101000011001011
In base 4, what is 3 - -210203331?
210210000
In base 3, what is -202 + -1021021?
-1022000
In base 16, what is -1 + 175?
174
In base 16, what is -11 + 216?
205
In base 12, what is 13b + -b13?
-994
In base 7, what is -134 - -12414?
12250
In base 16, what is -d - 1557b?
-15588
In base 3, what is -12222202 - -1002001?
-11220201
In base 9, what is 14106 + -20?
14076
In base 12, what is 1595 + 248?
1821
In base 10, what is -2 + -50783?
-50785
In base 4, what is -10 - 3031331?
-3032001
In base 16, what is 1fd + 47?
244
In base 4, what is -132131 + -101?
-132232
In base 4, what is -13211303 - 11?
-13211320
In base 10, what is 190 - 59?
131
In base 3, what is 1210200012001 + -2?
1210200011222
In base 8, what is -1326 + 67?
-1237
In base 15, what is 6d + 409?
477
In base 15, what is 58 + a0?
108
In base 9, what is 202 + -85?
106
In base 12, what is 6 - -32715?
3271b
In base 5, what is -1031132 + -31?
-1031213
In base 9, what is -5 - -721085?
721080
In base 14, what is db + 9c6?
ac3
In base 2, what is 100110 + -10000111?
-1100001
In base 14, what is 3 + -16568?
-16565
In base 6, what is -5500041 - 3?
-5500044
In base 5, what is 321301 - 11?
321240
In base 10, what is 211 + 83?
294
In base 3, what is 1211211 - 10000?
1201211
In base 5, what is 31 + 13220?
13301
In base 15, what is -60 - bcd?
-c3d
In base 15, what is 28 + 511?
539
In base 15, what is -145 + 3a6?
261
In base 14, what is -6 - -4a30?
4a28
In base 3, what is 110221200 - -100?
110222000
In base 14, what is 3 - -16062?
16065
In base 7, what is -4513 + 104?
-4406
In base 13, what is 3119 + -96?
3053
In base 10, what is 2828 - 16?
2812
In base 12, what is 56615 + -1?
56614
In base 3, what is 11 - -100211000021?
100211000102
In base 9, what is -316 + 817?
501
In base 2, what is -100 + 1110110111001111111?
1110110111001111011
In base 8, what is -252516 - 1?
-252517
In base 4, what is -203 + 102001113?
102000310
In base 4, what is -11 - 130133?
-130210
In base 2, what is 10100 - 101011100101?
-101011010001
In base 6, what is 15214 + -32?
15142
In base 3, what is -1200111101 + 12?
-1200111012
In base 11, what is 6 - -564a?
5655
In base 6, what is -143233 - 2?
-143235
In base 16, what is 5dbc69 + -5?
5dbc64
In base 9, what is 105372 - -5?
105377
In base 14, what is 1810 - -5?
1815
In base 10, what is -4 + -51784?
-51788
In base 9, what is 458 - 545?
-76
In base 9, what is -3 - -112872?
112868
In base 16, what is -b7c6 + 10?
-b7b6
In base 16, what is cab + 3?
cae
I